2 + 5. Let n(h) = 3*h + 4. Let w be n(6). Suppose w - 2 = 4*b. Determine o(b).
5
Let w(s) be the first derivative of s**3/3 - s**2/2 - s - 10. Suppose -4*m + 2 = -10. Determine w(m).
5
Suppose -5*r + 2*r + 6 = 0. Suppose 5*q + r*v = 28, -2*q + 2*v = -0*q. Let c = -5 + q. Let z(y) = 2*y**2 - 1. Give z(c).
1
Let k(v) = v**3 - 4*v**2 - 6*v + 3. Let s(c) = 4*c - 3. Let h be s(2). Suppose j + o - 2 = 0, -h*j - o = 14 - 36. Calculate k(j).
-2
Suppose -w = 4*w - 10. Suppose -5*b = 2*d + 10, 0*b - b = -3*d + w. Let j(p) = p**2 - 5. Determine j(d).
-5
Let k(d) = -4*d + 3*d - 3*d + 3*d. Let r be k(-1). Let v(i) = i + i**2 + 2*i - 4*i + r. Give v(-2).
7
Suppose c - 14 = -c. Suppose 0 = -h - 5*g - 17 - c, -21 = -h + 4*g. Let s(l) = 11*l**3 - l**2 + l - 1. Determine s(h).
10
Let w(m) = 6*m**2 + 2*m - 15. Let r(l) = 3*l**2 + l - 7. Let s(j) = 13*r(j) - 6*w(j). Calculate s(1).
3
Let d(a) = 2*a**3 + 2*a**2 - 2*a - 1. Let u = 17 - 13. Let b be 0 + (-2)/(u/4). What is d(b)?
-5
Let g(a) = 4 + 3 - 1 - 3*a - 10. Calculate g(-3).
5
Let i(x) = -9*x + 16. Let q(f) = 4*f - 8. Let y(m) = -3*i(m) - 7*q(m). Determine y(6).
2
Let l(y) be the second derivative of -y**3/3 - 3*y**2/2 - 2*y. Suppose 0 = 6*h + 3 + 9. Determine l(h).
1
Let y(z) = -z + 3*z**2 + 3*z - 2*z**2. Let x = 18 - 20. What is y(x)?
0
Let n(g) = -g**3 + 5*g**2 + 8*g - 3. Let j = 33 + -21. Let c = j + -6. Give n(c).
9
Let q(z) = -z**2 - 7*z - 6. Suppose 3*h = -2*h. Suppose h*c + 6 = -c. What is q(c)?
0
Let o(w) be the second derivative of 3/2*w**2 + 2*w + 1/6*w**3 + 0. What is o(0)?
3
Let v = -3 + -3. Let s = 4 + v. Let f(a) = a**3 + 2*a**2 - a - 1. Let x be f(s). Let p(t) = -6*t**2 - t. Give p(x).
-7
Let p(t) = -4*t**2 + 4*t - 1. Let q(o) = -7*o**2 + 9*o - 2. Let v(w) = 13*p(w) - 6*q(w). Give v(-1).
-9
Let w(d) = -d**2 - 2*d. Let x = -1 + 10. Suppose 4*r = 2*r - o - x, 0 = -5*r + 5*o. Calculate w(r).
-3
Let h = 13 - 10. Let a(y) = -11 + 12*y - h*y - 2*y - 6*y. Determine a(5).
-6
Let n be (0 + 2/4)*0. Let h(m) = 0 + n*m + 2*m - 2. Suppose -20 = -4*z, 5*z = 2*c + 4 + 13. What is h(c)?
6
Let y(x) = -x**3 + x**2 + 1. Let j(k) = 5*k**3 - 9*k**2 + 4*k - 10. Let h(g) = -j(g) - 6*y(g). Let t(a) = a**2 - 4*a - 1. Let n be t(3). What is h(n)?
4
Suppose p + 3*p - 27 = -o, 3*o + p - 26 = 0. Let n = 3 - o. Let b = n + 3. Let s(r) = 4*r - 1. What is s(b)?
-5
Let v(s) = -11*s**2 - 33*s - 17. Let j(y) = 5*y**2 + 16*y + 8. Let u(q) = 13*j(q) + 6*v(q). Let c be u(10). Let a(r) = -r**3 + 2*r**2 - 2*r. What is a(c)?
-4
Suppose -3*v = -7*v - 8. Let i(u) = 5*u - 2*u + u. Calculate i(v).
-8
Let z(a) = -a**3 + 8*a**2. Let y be z(8). Let w be (y - 2/2)*3. Let x(h) = -h**2 + h. Let b(u) = -5*u**2 + u + 3. Let k(t) = -b(t) + 4*x(t). Determine k(w).
-3
Let t = 0 + 2. Let i(n) = n**t - 64 - 3*n + 57 - 3*n. What is i(7)?
0
Suppose -2*g = g. Let s(a) = 14*a + 32. Let c(k) = -5*k - 11. Let d(h) = -17*c(h) - 6*s(h). Give d(g).
-5
Let z = -3 + -7. Let b = -4 - z. Let j(d) = -d**2 + 7*d - 3. Determine j(b).
3
Let a(j) be the third derivative of -j**5/60 - j**4/4 + 3*j**3/2 - 3*j**2 + 3*j. Determine a(-7).
2
Let h(v) = -2*v**2 - 1. Let c = 8 + -2. Let q = -4 + c. Calculate h(q).
-9
Suppose 0*w + 4*w = -4. Let g(z) be the third derivative of z**4/6 - z**3/3 + 11*z**2. Let q(t) = -t - 1. Let i(p) = w*g(p) - 3*q(p). Determine i(4).
1
Let y(w) = w - 5. Let f(t) = 1. Let k(a) = 5*f(a) - y(a). Determine k(12).
-2
Let h(k) be the third derivative of k**5/60 + 5*k**4/24 - k**3/6 + k**2. Let y be (70/15 + -6)/(12/54). Calculate h(y).
5
Let q(d) be the third derivative of d**5/30 - d**4/24 + d**3/6 - 13*d**2 + 2. Give q(-2).
11
Let y(c) be the third derivative of -c**2 + 2/3*c**3 - 1/120*c**6 + 0*c + 0*c**4 + 1/15*c**5 + 0. Suppose 0*h + 16 = 2*h - 4*q, -5*h = 4*q - 12. What is y(h)?
4
Let d(z) = -2*z - 183 + 183. Let l be (-4)/6*(-9)/6. Calculate d(l).
-2
Let m(c) = 2*c**2 + 3*c. Let f be m(-2). Let w(d) = 2*d**f + 8 - 3*d**2 + 2*d**2. Suppose 10*g - 2*g = -0*g. Calculate w(g).
8
Let s(h) be the third derivative of -h**4/8 + 2*h**3/3 + 4*h**2. Determine s(4).
-8
Let o(c) be the first derivative of -c**5/30 + c**4/6 + c**3/2 + 5*c**2/2 - 5. Let i(d) be the second derivative of o(d). Determine i(4).
-13
Let m(a) = -a**3 - 4*a**2 - 2*a - 1 + 3 + 2. Let q be (1 - -2) + -5 + 2. Suppose 3*b + 9 + 0 = q. Give m(b).
1
Let f be (-1 - (0 - 2))*1. Let c(r) = -2*r**3 + 1. Let j be c(f). Let d(l) = 4*l**2 + 2*l + 1. Calculate d(j).
3
Let n(j) = j - 3. Suppose 6*z = -0*z + 30. What is n(z)?
2
Let m be (16/(-20))/(2/(-5)). Let s be (6 - 5) + 2/m. Suppose 6*w + 20 = s*w. Let j(v) = -v**2 - 4*v - 1. Determine j(w).
-6
Let x(w) = -w**2 - w. Let i(o) = -5*o**2 + 6*o - 1. Let r(k) = i(k) + 3*x(k). Let h(l) = -9*l**2 + 4*l - 2. Let q(n) = 2*h(n) - 3*r(n). Calculate q(-1).
6
Let b = 107 - 116. Let f(z) = z**3 + 10*z**2 + 8*z - 2. Calculate f(b).
7
Let j(h) = h**3 + 4*h**2 - 5*h - 3. Let v = 11 + -9. Suppose -3*w + 2*p = 21, -2*p - 2 = -v*w - 6*p. What is j(w)?
-3
Let d(t) be the second derivative of t**7/840 - t**5/30 - t**4/8 - t**3/6 + 3*t. Let g(z) be the second derivative of d(z). Determine g(-2).
-3
Suppose -24 = 4*b - 0*b. Let p = b - -3. Let z(g) be the third derivative of g**5/30 + 5*g**4/24 + g**3/2 - 3*g**2 - 1. What is z(p)?
6
Let c(v) = -v**2 + 12. Let w = 24 + -24. Determine c(w).
12
Let x be (-26)/(-4) + (-3)/2. Let u(k) be the third derivative of k**6/120 - k**5/10 + 5*k**4/24 - k**3 - k**2. Give u(x).
-6
Let k(x) = x**2 + 2*x - 8. Let i(t) = 3*t**2 + 7*t - 23. Let c(j) = 3*i(j) - 8*k(j). Let w be (-22)/4 + (-4)/8. Calculate c(w).
1
Let y(r) be the third derivative of r**5/20 + r**4/12 - r**3/6 - 6*r**2. Determine y(1).
4
Let b = 4 - 5. Let g(s) = -s - 4. Let q be g(-6). Let j(f) = -8*f**3 - f**2 + 0*f + q*f - f + 1. Give j(b).
7
Suppose -12*f = -9*f + 18. Let j(h) = h + 6. Determine j(f).
0
Let d(b) = 4*b + 4. Let v(m) = 11*m + 13. Let c(i) = 8*d(i) - 3*v(i). Calculate c(-7).
0
Let u(q) = 4 - 3 - 3 - q**3 + 2*q. Suppose 24 = 4*d + 16. Determine u(d).
-6
Let h(x) = x**2 + x - 1. Let o be h(-3). Let g(n) = -2*n**2 + o*n - 3 + n**2 - 2*n. Give g(2).
-1
Let l be 0 - 10*(-3)/(-6). Let p(t) = -7*t**2 - 10*t + 6. Let k(n) = 4*n**2 + 5*n - 3. Let f(v) = l*k(v) - 3*p(v). Suppose -4*g = 8 + 8. Determine f(g).
-7
Let s(b) = 4*b**3 + 15*b**2 + 12*b + 31. Let t(k) = k**3 + 5*k**2 + 4*k + 10. Let a(w) = -2*s(w) + 7*t(w). Give a(6).
-4
Suppose 3*z - 3 = h, 0 = -2*h - z + 3*z - 6. Let g(k) = -k**3 - 4*k**2 - 4*k - 2. Calculate g(h).
1
Let i = 9 + -7. Let n(w) = 11*w**2 + 1 - 2*w + 4*w + 0*w**i + 0. Let a(x) = x**2. Let y(j) = -a(j) + n(j). What is y(-1)?
9
Let a(c) be the second derivative of -c**4/12 - 7*c**3/6 - c**2/2 + 23*c. What is a(-6)?
5
Let k(q) = -q**3 + 4*q**2 - 3. Let u = 13 - 9. Let a be (2/u)/((-2)/12). Let l = 6 + a. Determine k(l).
6
Let n(z) = -z**3 + 3*z**2 - z - 2. Suppose 3*h - 5*i = -19, 2*h - 4 = 5*h - 2*i. Give n(h).
0
Let u = 8 + -3. Let t(r) = r - 1. Let i(f) = f**3 - 6*f**2 - 2*f + 4. Let y(x) = i(x) + 6*t(x). What is y(u)?
-7
Let r(c) = -2 - c**2 - 2*c**2 + 4*c**2 + 2*c + 2*c. Give r(-5).
3
Let d(w) be the second derivative of 4*w**2 - w. Let i(z) = -z - 1. Let a be -1*9*2/6. Let j(n) = a*i(n) - d(n). What is j(5)?
10
Let p be (-4)/1 - -8 - -1. Suppose -g - 10 = -5*g + u, -4 = 3*g + 5*u. Let c(l) = l**3 - 3*l**g + 1 - 2*l**2 - 7. What is c(p)?
-6
Let c(q) = -q**3 + 4*q**2 + q - 5. Let u be 2/(-3)*-2*3. Let b be c(u). Let o(i) = 3*i**3 - i - 1. What is o(b)?
-3
Let s(l) be the second derivative of -l**4/12 + 4*l**3/3 + l**2/2 + 3*l. Give s(6).
13
Let f(i) = -3*i + 5*i + 12 - 21 - i + i**2. Calculate f(0).
-9
Let f(m) = -m**3 + 4*m**2 - 4. Let i be f(4). Let n(l) = -l - 5. Let c be n(i). Let z(x) = -2*x**3 - x**2 + 1. What is z(c)?
2
Let n(d) = d + 8. Suppose -3*w = 4*y + 34, 0 = -2*w + y + 2*y. Determine n(w).
2
Let a = -17 - -20. Let x(j) = -2*j**3 - 8*j**2 + 5*j**3 + 14*j + 1 - 2*j**a - 6*j. Give x(7).
8
Let l(d) = -d**2 + 4*d + 1. Suppose 6*x = 10*x - 32. Let b be -3 + x + -1 + 2. Determine l(b).
-11
Let v(r) = -r**3 - 7*r**2 + 7*r + 4. Let u(n) = 20*n + 2 + 2*n**2 - 3*n**3 + 0*n**2 + 9 - 22*n**2. Let q(o) = -4*u(o) + 11*v(o). Determine q(-3).
9
Let c(b) be the second derivative of b**3/6 + 3*b**2 + b. Suppose -4*w = 1 - 13. Suppose 9 = -